{"id":320,"date":"2017-12-24T14:41:49","date_gmt":"2017-12-24T13:41:49","guid":{"rendered":"https:\/\/schwedentraum.lima-city.de\/?page_id=320"},"modified":"2018-05-25T12:05:23","modified_gmt":"2018-05-25T10:05:23","slug":"bilder","status":"publish","type":"page","link":"https:\/\/schwedentraum.lima-city.de\/index.php\/bilder\/","title":{"rendered":"Bilder"},"content":{"rendered":"<p>Hi liebe Freunde,<br \/>\num durch die Bilder zu st\u00f6bern einfach mit dem Mauszeiger oben in der Menueleiste\u00a0 \u00fcber Bilder fahren und dann den entsprechenden Zeitraum ausw\u00e4hlen.<\/p>\n<p>Viel Spa\u00df \ud83d\ude09<\/p>\n","protected":false},"excerpt":{"rendered":"<p>Hi liebe Freunde, um durch die Bilder zu st\u00f6bern einfach mit dem Mauszeiger oben in der Menueleiste\u00a0 \u00fcber Bilder fahren und dann den entsprechenden Zeitraum ausw\u00e4hlen. Viel Spa\u00df \ud83d\ude09<\/p>\n","protected":false},"author":1,"featured_media":0,"parent":0,"menu_order":0,"comment_status":"closed","ping_status":"closed","template":"","meta":[],"_links":{"self":[{"href":"https:\/\/schwedentraum.lima-city.de\/index.php\/wp-json\/wp\/v2\/pages\/320"}],"collection":[{"href":"https:\/\/schwedentraum.lima-city.de\/index.php\/wp-json\/wp\/v2\/pages"}],"about":[{"href":"https:\/\/schwedentraum.lima-city.de\/index.php\/wp-json\/wp\/v2\/types\/page"}],"author":[{"embeddable":true,"href":"https:\/\/schwedentraum.lima-city.de\/index.php\/wp-json\/wp\/v2\/users\/1"}],"replies":[{"embeddable":true,"href":"https:\/\/schwedentraum.lima-city.de\/index.php\/wp-json\/wp\/v2\/comments?post=320"}],"version-history":[{"count":5,"href":"https:\/\/schwedentraum.lima-city.de\/index.php\/wp-json\/wp\/v2\/pages\/320\/revisions"}],"predecessor-version":[{"id":369,"href":"https:\/\/schwedentraum.lima-city.de\/index.php\/wp-json\/wp\/v2\/pages\/320\/revisions\/369"}],"wp:attachment":[{"href":"https:\/\/schwedentraum.lima-city.de\/index.php\/wp-json\/wp\/v2\/media?parent=320"}],"curies":[{"name":"wp","href":"https:\/\/api.w.org\/{rel}","templated":true}]}}