{"id":330,"date":"2017-12-24T14:59:39","date_gmt":"2017-12-24T13:59:39","guid":{"rendered":"https:\/\/schwedentraum.lima-city.de\/?page_id=330"},"modified":"2017-12-24T15:03:42","modified_gmt":"2017-12-24T14:03:42","slug":"startseite","status":"publish","type":"page","link":"https:\/\/schwedentraum.lima-city.de\/","title":{"rendered":"Startseite"},"content":{"rendered":"<p>Hallo meine lieben Schwedentraumbegleiter,<\/p>\n<p>ihr habt uns in den letzten Monaten mit soviel Interesse bei der Erf\u00fcllung von unserem Traumhaus in Schweden begleitet, dass ich euch\u00a0 zu unserem &#8222;Fr\u00fchst\u00fcckssee&#8220; und einem &#8222;Rundblick&#8220; von unserem Grundst\u00fcck mitnehmen m\u00f6chte.<\/p>\n","protected":false},"excerpt":{"rendered":"<p>Hallo meine lieben Schwedentraumbegleiter, ihr habt uns in den letzten Monaten mit soviel Interesse bei der Erf\u00fcllung von unserem Traumhaus in Schweden begleitet, dass ich euch\u00a0 zu unserem &#8222;Fr\u00fchst\u00fcckssee&#8220; und einem &#8222;Rundblick&#8220; von unserem Grundst\u00fcck mitnehmen m\u00f6chte.<\/p>\n","protected":false},"author":1,"featured_media":0,"parent":0,"menu_order":0,"comment_status":"closed","ping_status":"closed","template":"","meta":[],"_links":{"self":[{"href":"https:\/\/schwedentraum.lima-city.de\/index.php\/wp-json\/wp\/v2\/pages\/330"}],"collection":[{"href":"https:\/\/schwedentraum.lima-city.de\/index.php\/wp-json\/wp\/v2\/pages"}],"about":[{"href":"https:\/\/schwedentraum.lima-city.de\/index.php\/wp-json\/wp\/v2\/types\/page"}],"author":[{"embeddable":true,"href":"https:\/\/schwedentraum.lima-city.de\/index.php\/wp-json\/wp\/v2\/users\/1"}],"replies":[{"embeddable":true,"href":"https:\/\/schwedentraum.lima-city.de\/index.php\/wp-json\/wp\/v2\/comments?post=330"}],"version-history":[{"count":2,"href":"https:\/\/schwedentraum.lima-city.de\/index.php\/wp-json\/wp\/v2\/pages\/330\/revisions"}],"predecessor-version":[{"id":334,"href":"https:\/\/schwedentraum.lima-city.de\/index.php\/wp-json\/wp\/v2\/pages\/330\/revisions\/334"}],"wp:attachment":[{"href":"https:\/\/schwedentraum.lima-city.de\/index.php\/wp-json\/wp\/v2\/media?parent=330"}],"curies":[{"name":"wp","href":"https:\/\/api.w.org\/{rel}","templated":true}]}}